factors of 49 - 2 - (-8 + 5).
2, 5
Let h(d) = -16*d - 21. What are the prime factors of h(-4)?
43
Let l(z) = z + 1. Let j be l(-1). Suppose j*y - 2*a = 2*y - 12, -3*a = -4*y + 17. Suppose -v = -y*v + 16. What are the prime factors of v?
2
Let g(b) = -b**3 + 8*b**2 - 5*b - 10. Let j be g(7). Suppose 7 + 37 = j*q. List the prime factors of q.
11
Suppose 2*r + 5 = -9. Let h(n) = -2*n - 5. What are the prime factors of h(r)?
3
Let f(m) = -21*m - 13. Let r(w) = 11*w + 7. Let q(g) = -3*f(g) - 5*r(g). What are the prime factors of q(7)?
2, 3, 5
Let m(y) = -y - 3. Let h be m(-5). Let c(i) = -3 - i + 1 + h*i. List the prime factors of c(5).
3
Let n(r) = -32*r. Let a be n(-2). Suppose 4*m - 4*o = -0*o + a, -2*m - 3*o + 27 = 0. What are the prime factors of m?
3, 5
Let w(x) = -x**3 + 3 - 2 + 0*x**3 + 3*x + 4*x**2. List the prime factors of w(-2).
19
What are the prime factors of (5 + -6)/(2/(-122))?
61
Suppose 5*b - 4*k - 458 = 0, -3*b = -5*k - 291 + 24. What are the prime factors of b?
2, 47
Suppose -4*m = c - 63, 0*c + 2*m - 179 = -3*c. List the prime factors of c.
59
What are the prime factors of 34 - (3 - (2 - 0))?
3, 11
Let u = 7 + -6. Let g = u - -6. What are the prime factors of g?
7
Let q be 1*(-6)/3 + 4. Let w = 9 - q. What are the prime factors of w?
7
Suppose -3*q - 130 = -955. What are the prime factors of q?
5, 11
Let v(p) = p**3 - 7*p**2 + 2*p + 8. Suppose 4*y = d - 22, -5*d - 5*y + 5 = -5. Let k be v(d). Let t = 28 + k. What are the prime factors of t?
2, 3
Let l(k) = -4*k**2 + 11*k - 12. Let p(w) = -9*w**2 + 21*w - 23. Let s(d) = 7*l(d) - 3*p(d). Let n be s(13). What are the prime factors of (3 - -31)*n/(-4)?
17
Let n be (-2 - -1) + -1 + 5. Suppose -z - 78 = -n*z. List the prime factors of z.
3, 13
Suppose -2*h - 8 = -4*h. Let k be (2/h)/((-3)/(-24)). Suppose -27 = -k*c + c. What are the prime factors of c?
3
Suppose 2*r = 3*s - 1, r + 0 = -s + 2. Suppose x - 12 = s. What are the prime factors of x?
13
Let x(p) = 2*p**2 - 2*p - 11. List the prime factors of x(-8).
7, 19
Let i(d) = 2*d**2 - 4*d + 5. Let j be -2*(-4)/4 - -2. List the prime factors of i(j).
3, 7
Suppose 2*d = 7*d + 10. Let w(a) = 6*a**2 - a - 2. Let u be w(d). Suppose m + 5*c - 6 = 0, -2*m + 6*m + 4*c = u. What are the prime factors of m?
2, 3
Suppose 0 = 2*o + 5*s - 373 + 6, 2*s = -3*o + 578. What are the prime factors of o?
2, 7
Let u be 0/(-1) - (-1 - -3). Let r be (u/3)/(1/(-3)). Suppose 5*t - 40 = 4*a, -3*a - 1 = r*t + 6. List the prime factors of t.
2
Let h = 75 - 28. What are the prime factors of h?
47
Let s(b) = -2*b - 1. Let f be s(-2). Suppose -f*l - l + 340 = 0. Suppose l = 4*g + 17. What are the prime factors of g?
17
Let p = 41 + -13. Let m = 46 - p. List the prime factors of m.
2, 3
Let u = 23 - -5. Let p = u + -16. List the prime factors of p.
2, 3
Suppose 5*v - 9*v = -296. List the prime factors of v.
2, 37
Suppose 2196 = 11*m + 227. List the prime factors of m.
179
Let o = 13 - 4. Suppose -2*v - 30 = 4*z - 6, -4*z + 3*v = 4. Let h = o - z. What are the prime factors of h?
13
Suppose 21 = 5*t - 49. What are the prime factors of t?
2, 7
Let s(a) = -a**2 - 10*a + 11. What are the prime factors of s(-7)?
2
Let l be 13 + -3 + 2/2. Let b = l + -6. What are the prime factors of b?
5
Let m(x) be the first derivative of 4*x**3/3 + 13*x**2/2 - 1. Let q(k) = -3*k**2 - 13*k - 1. Let o(p) = 2*m(p) + 3*q(p). What are the prime factors of o(-11)?
19
What are the prime factors of (-1)/(((-5)/540)/1)?
2, 3
Suppose -7*t + 6*t + n = -200, -4*t = -2*n - 796. List the prime factors of t.
2, 3, 11
Suppose 2*k + 13 = 77. List the prime factors of k.
2
Suppose 5*c = 7*c - 238. What are the prime factors of c?
7, 17
Let g(t) be the second derivative of -t**6/720 - t**5/40 - t**4/12 + 2*t. Let w(f) be the third derivative of g(f). What are the prime factors of w(-10)?
7
Let z = -110 - -149. What are the prime factors of z?
3, 13
Suppose -5*w + 50 + 70 = 0. List the prime factors of w.
2, 3
Let b(c) = -c**3 + 7*c**2 + 5*c - 3. List the prime factors of b(6).
3, 7
Suppose y - 2*l - 24 = 0, -y + 2*y - 14 = 4*l. What are the prime factors of y?
2, 17
Let s(j) = j**3 + 6*j**2 + 4*j - 1. Let o be (-1)/(((-1)/5)/(-1)). Let c be s(o). Let z = 6 + c. List the prime factors of z.
2, 5
Suppose 0 = 4*c - 3*f + 24 - 90, 5*c - 82 = 4*f. What are the prime factors of c?
2, 3
Let b(h) = h**2 + 3*h + 3. Suppose 7 + 18 = -5*k. List the prime factors of b(k).
13
Suppose -6*y + 15 = -y. Suppose 2*u + 2*u = -2*x + 54, y*x - 57 = 2*u. List the prime factors of x.
3, 7
Suppose 0*y - y = -25. What are the prime factors of y?
5
Let h(l) = -3*l. Let i be h(2). Let k = i - -19. List the prime factors of k.
13
Let h(a) = a**2 + 4*a. Suppose -16 = 3*p - 1. List the prime factors of h(p).
5
Suppose 0*z - 112 = -4*z. List the prime factors of z.
2, 7
Suppose -32 - 274 = -q. List the prime factors of q.
2, 3, 17
Let c(k) = 2*k**2 + 7*k - 10. List the prime factors of c(-7).
3, 13
Let q(t) = 4*t**2 - t - 7. Let h be q(3). Suppose -2 = 4*k - h. What are the prime factors of k?
2, 3
Suppose 10*p - 4 = 6*p. Let t(j) = 6*j - 3. What are the prime factors of t(p)?
3
Suppose -5*j = 4*d - 11, 3 = 2*j + 3*d - 0. Let b be 6/j - 1 - -2. Suppose -5*s + s - 2*t = -6, -3*t = b*s + 3. List the prime factors of s.
2
Suppose 0 = 2*d + 8, l + l - 3*d = 74. What are the prime factors of l?
31
Let c be ((-2)/(-6))/((-4)/(-24)). Suppose c*v + v - 96 = 0. What are the prime factors of v?
2
Let x = -17 - -16. What are the prime factors of (31 - x)*(-3)/(-4)?
2, 3
Let j(d) = 2*d - 4. Let z be j(3). Let v(c) = -4*c + c**z + 4 + 0*c - 2*c. What are the prime factors of v(6)?
2
Let h(k) = -k**2 + k + 4. Let w be h(0). Suppose -w*b - c + 77 = 0, b - 4*c + 2 = -0*b. What are the prime factors of b?
2, 3
Suppose 0 = -5*l + 3 + 17. List the prime factors of 4*(3 - l/(-2)).
2, 5
Let f = -112 - -161. List the prime factors of f.
7
Suppose 0 = 3*d - 5*y + 12, 3*y + 7 = -2*d - 1. List the prime factors of 10/2 + (-2 - d).
7
Let q be (-39)/(-6) - (-3)/(-6). Let j be ((-4)/6)/(q/(-45)). Suppose 0 = 5*x + j*c - 15, -7 = 4*x - 5*x + c. What are the prime factors of x?
5
Suppose 2*f + 18 = 5*y, -12 = -5*y + 8. Let n be (-1 + f)/(0 - 2). Suppose 3*a - a - 4 = n. What are the prime factors of a?
2
Suppose -5*w = c + c - 29, -c = -3*w + 13. Suppose -4*u = -w*u + 4. What are the prime factors of u?
2
Suppose 0 = -m - 0*m + 2. Suppose 36 = 3*n - 2*i, -3*i - m*i = -15. Suppose -2*x = -n - 8. List the prime factors of x.
11
Let q(j) = 15*j**2 + 5*j + 5. List the prime factors of q(-1).
3, 5
What are the prime factors of ((-147)/(-12))/(2/16)?
2, 7
Suppose -k = -6*k. Suppose 0*b - 3*b - 30 = k. Let q = b - -20. What are the prime factors of q?
2, 5
Let h(b) = 10*b**2 - 4*b + 7. List the prime factors of h(3).
5, 17
Let b = 34 - 76. Let q = 67 + b. What are the prime factors of q?
5
Suppose 2*r - 2*m - 4 = 2*m, 2*m = 4. What are the prime factors of (-9)/(r/9 + -1)?
3
Let t(i) = i**2 + 9*i + 11. Let c be t(-8). List the prime factors of 3 + 2*33/c.
5
Let x(j) = 2*j - 3. Let q be x(3). Suppose q*g = 41 - 8. What are the prime factors of g?
11
Let m(b) = b**2 - b - 1. Let x(c) = 6*c**2 - 7*c. Let d(h) = -4*m(h) + x(h). List the prime factors of d(3).
13
List the prime factors of (-32)/144 - (-1534)/18.
5, 17
Let h = 0 - -3. Suppose m = h*m - 28. Suppose -7*k = -3*k - 3*n - 30, -2*k + 2*n = -m. What are the prime factors of k?
3
Suppose -3*i = 5*x - 95, -5*i + 104 - 31 = 3*x. Let l = x + -7. Suppose -35 = -5*t - p, -p - l - 16 = -5*t. What are the prime factors of t?
2, 3
Let b = -4 - -7. Let x be (2*-2)/((-2)/4). Suppose 3*v + b*t = -v + 4, 0 = -4*v - 2*t + x. What are the prime factors of v?
2
Let n be 1/(-2)*-1*12. Suppose -4*h = -n*h. Suppose h*o - 20 = -4*o. What are the prime factors of o?
5
Let t(h) = h**2 + 4*h. Let b be t(-6). Let i be (-9)/3 + -1 + b. List the prime factors of (i/6)/((-4)/(-30)).
2, 5
Let k(j) = j**3 - 8*j**2 - 9*j. Let i(c) = -c**2 - c - 1. Let g(l) = -4*i(l) + k(l). What are the prime factors of g(5)?
2
Suppose 2 = -v + 1. Let j = -23 - -35. Let a = j + v. What are the prime factors of a?
11
Suppose -c = -5*c + 16. Suppose c*l + 0*l = 8. Let q(x) = x. What are the prime factors of q(l)?
2
Let j = -51 + 137. List the prime factors of